f) = 99*f - 9. Let a be q(4). Let p = a + -211. What are the prime factors of p?
2, 11
Let q = 14968 - 8880. List the prime factors of q.
2, 761
Let o = -19 + 22. Suppose -3*g = -3*y, -14 = -y - o*y - 3*g. Suppose -2*l = -4, 4*n + 3*l = y*n + 174. List the prime factors of n.
2, 3, 7
What are the prime factors of (1 - (-9176)/(-12))/(3/(-9))?
29, 79
Let d be (-17)/(-68) + (-5094)/(-8). Suppose -6*u = -2*h - 7*u + 631, d = 2*h + 3*u. What are the prime factors of h?
2, 157
Suppose -3*m - 621 = 606. Let o = m - -1042. What are the prime factors of o?
3, 211
Let m = 38 + -34. Suppose 0 = m*h + 7 - 15. List the prime factors of 219 - (-8)/h - 0/2.
223
Suppose 4*i - 10 = -2. Let u(a) = 2*a - 1. Let h be u(i). Suppose -15 = -h*b, 0*j + 3*b - 43 = -4*j. List the prime factors of j.
7
Let n = -7541 - -18966. What are the prime factors of n?
5, 457
Let y(q) = 7*q + 98. Let j(p) = 7*p + 100. Let c(i) = -2*j(i) + 3*y(i). List the prime factors of c(11).
3, 19
Let s(v) = v**3 - 4*v**2 - 14*v + 2. Let p be s(7). List the prime factors of ((-13736)/p)/((-4)/6).
2, 101
Suppose 0 = -159*m + 156*m - 3. Let d(r) = 0 - 1 + 58*r**2 + 102*r**2. What are the prime factors of d(m)?
3, 53
Suppose -4*c + 2*r + 4 = 0, -2*c = 3*c + 2*r - 14. Suppose c*i + 3*o - 199 = 0, -15*i + 10*i - 4*o = -508. List the prime factors of i.
2, 13
Let g(c) be the second derivative of c**5/20 + 5*c**4/12 - 4*c**3/3 + 2*c**2 + 35*c. Let h be g(-7). Let m = 24 - h. List the prime factors of m.
2, 31
Suppose 9*z + 8*z - 5888 = 58712. What are the prime factors of z?
2, 5, 19
Let a = -306 + 309. Suppose -2*q + 5*i = -1471, 7*q - 3706 = 2*q + a*i. What are the prime factors of q?
743
Let o(n) = 7*n + 75. Let k(l) = -l**2 - l + 20. Let c be k(-5). List the prime factors of o(c).
3, 5
Let z(u) = -u**3 + 8*u**2 - 3*u - 10. Let x be z(5). Suppose 0*d + 5*d = -x. List the prime factors of 6 + d - -3*3.
5
Suppose -5*v + 182262 + 86588 = 0. What are the prime factors of v?
2, 5, 19, 283
Suppose -49 = -13*i + 16. Suppose 3836 = 4*u + i*r, 0 = 46*u - 41*u + 5*r - 4790. List the prime factors of u.
2, 3, 53
Let i = -1181 - -2729. Suppose 110*w = 101*w + i. List the prime factors of w.
2, 43
List the prime factors of ((-5506)/6)/((-18)/54).
2753
Let o(w) = 41*w**3 - w**2 + 7*w + 7. Let z be o(-2). Let h = 932 + z. List the prime factors of h.
593
Let n(z) = -z - 7. Let l be n(-12). Suppose 2*v = l*v + c - 729, -c = 0. List the prime factors of v.
3
Let v be (3 + 404/8)*58. Suppose -23*q + v + 3153 = 0. What are the prime factors of q?
2, 17
Suppose -5*h = -4362 + 717. Let b = h - 355. List the prime factors of b.
2, 11, 17
Let g = -53 - -52. Let r be (-1)/(2/(-542)*(g - -2)). Suppose -3*y - a + r = -0*a, 3*y + 5*a = 287. What are the prime factors of y?
89
Let h(c) = 4*c**2 - 6*c - 32. Let x be 115 - (-2)/4*6. Let n = 114 - x. What are the prime factors of h(n)?
2, 7
What are the prime factors of (31 + -47 - -14)/(2/(-27723))?
3, 9241
Let u(x) be the first derivative of x**4/4 + 8*x**3/3 - x**2/2 - 8*x + 13. Let q = -17 + 11. What are the prime factors of u(q)?
2, 5, 7
Let x = -45042 + 63234. List the prime factors of x.
2, 3, 379
Let c be ((-133650)/(-108))/((-6)/(-8)). Suppose 20*x - c = 14*x. List the prime factors of x.
5, 11
Let a be (-21)/42 + (-78)/(-4). Suppose 3*x + 23 = 3*d - 7, 3*x + a = 2*d. What are the prime factors of (-2)/d + 30/66*546?
2, 31
Suppose -t + 5338 = 130*q - 135*q, 5*t - q - 26762 = 0. List the prime factors of t.
53, 101
Suppose 110104*m + 675149 = 110135*m. List the prime factors of m.
29, 751
Let k = 61 + -58. Suppose -3*j + 2 = -k*z + 14, 0 = z + 4*j - 9. Suppose 6*r - 410 = -z*x + 3*r, -405 = -5*x - 4*r. What are the prime factors of x?
5, 17
Let p(v) = 2*v**2 - 16*v - 40. Let b be p(17). Let w = -201 + b. What are the prime factors of w?
5, 13
Let m = 64609 - 28689. Suppose -29*h + m = 11*h. What are the prime factors of h?
2, 449
Let k = -6957 + 18069. What are the prime factors of k?
2, 3, 463
Suppose 80 = z - 37. Let r = 121 - z. Suppose -r*p - 600 = -7*p. List the prime factors of p.
2, 5
Suppose 0 = -17*c + 461 + 593. Suppose a = -u + 993, 2*a + 60*u = c*u + 1986. What are the prime factors of a?
3, 331
Let d = 48 - 24. Let b = d + -27. List the prime factors of (-2480)/(-60) + (-2)/b.
2, 3, 7
Suppose -7*g - 3213 = -5*r - 11*g, -r = -g - 648. What are the prime factors of r?
3, 5, 43
Suppose -7006 = -b - 3*o, 4*o = -21*b + 24*b - 21083. List the prime factors of b.
7, 17, 59
Let t = -7658 + 12771. Suppose -17*y = -12*y - 5*u - 5095, 5*y = -u + t. What are the prime factors of y?
2, 7, 73
Let d = -505 - -1201. Suppose 233*p = 235*p - d. What are the prime factors of p?
2, 3, 29
Let g(r) = -425*r - 37. Let u(s) = s - 4. Let x(a) = g(a) - 5*u(a). What are the prime factors of x(-2)?
3, 281
Let t(x) = -8416*x - 115. Let h be t(-5). Suppose -h = -47*b + 12*b. What are the prime factors of b?
11, 109
Let x(d) = d**3 - 23*d**2 - 23*d - 19. Let p be x(24). Suppose p*c = 1468 + 82. List the prime factors of c.
2, 5, 31
Let t(a) be the first derivative of -49*a**2/2 + 9*a + 27. List the prime factors of t(-5).
2, 127
Let m(c) = -4 - 22 + c**2 - 6*c - 33 - 24. List the prime factors of m(14).
29
List the prime factors of -381*(-5)/(-10)*(-133 + -1).
3, 67, 127
Let g(z) = 31*z - 19. Let h be g(19). Let a = 876 - h. What are the prime factors of a?
2, 3, 17
Suppose 28151 = 4*k + z, 14071 = 11*k - 9*k - z. List the prime factors of k.
31, 227
Suppose 0 = -5*l + 5*q - 10*q + 10, 5*q = -3*l + 6. Suppose 938 = -l*o + 4*o + 3*k, o + k - 467 = 0. What are the prime factors of o?
463
Suppose 98*j - 133*j = -310940. List the prime factors of j.
2, 2221
Let f be 1/2 + (-6)/(-4). Let v be 2 + 12 + (-27360)/(-152). List the prime factors of v - (3 + (f - 2)).
191
Let t(s) = 1671*s**2 - 139*s - 82. What are the prime factors of t(-6)?
2, 15227
Suppose 3*j = -3*j + 360. Let n = 294 - j. List the prime factors of n.
2, 3, 13
Suppose 135 = -9*u - 18*u. List the prime factors of (-2304)/(1 + u) - 6.
2, 3, 5, 19
Suppose 27*x - 98*x - 39*x + 3177570 = 0. What are the prime factors of x?
3, 9629
Let n(u) = u - 1. Let q(p) = p**3 - 4*p**2 + 4*p + 1. Let l be q(3). Let h be n(l). Suppose -39 = -h*j + 42. List the prime factors of j.
3
Let l = 3211 - -1127. List the prime factors of l.
2, 3, 241
Suppose -57435 = -4*j - 5*u, 2*j = -j + 4*u + 43084. Suppose -12*h - 8*h + j = 0. List the prime factors of h.
2, 359
Let k be -3 + 7 - (-6 + -9). Let g(v) = v**2 - 10*v - 61. What are the prime factors of g(k)?
2, 5, 11
Suppose 2*h + 27 = -5*n, 2*h - 3*n + 2 = 15. What are the prime factors of ((-12)/(-16))/(h/(-4)) - -369?
2, 3, 31
Suppose 3*q + 3 = 6*q. Let i be (28/16*q)/((-3)/(-12)). What are the prime factors of (i - (-129)/(-21))/((-1)/(-91))?
2, 3, 13
Suppose 231 = 11*r - 18*r. Let t = r - -35. Suppose -6 = -t*b + 126. List the prime factors of b.
2, 3, 11
Suppose -q = 4*u - 1, q - 2*q = 2*u - 3. Suppose 2*c + 1444 = 3*n + 6*c, q*n - 2418 = -c. What are the prime factors of n?
2, 11
Let b be (-1640)/15 + 8/(-12). Let s = b + 166. Suppose -9*t = -5*t - h - 269, t + 2*h - s = 0. What are the prime factors of t?
2, 3, 11
Suppose -18474 = -2*q + 4*n, 2*q - 10*n = -8*n + 18486. What are the prime factors of q?
3, 3083
List the prime factors of 2 - -3 - (8/(-2) + -25318) - -8.
3, 5, 563
List the prime factors of 2064/8*9/6*7.
3, 7, 43
What are the prime factors of -64*(2079/(-42) - (-2 + 7))?
2, 109
Let a(q) be the third derivative of -q**4/3 - 77*q**3/6 + 67*q**2. What are the prime factors of a(-10)?
3
Let y(m) = -m**2 - 7*m - 8. Let l be y(-5). Suppose 0*b = -l*s - b - 462, 2*b - 1137 = 5*s. Let r = s + 360. What are the prime factors of r?
131
Let c(y) = y**3 - 11*y**2 + y + 19. Let v be c(11). List the prime factors of v/9*(-11)/((-220)/3624).
2, 151
Suppose -3*p = 4*u, 0 = 16*u - 12*u - 3*p - 24. Suppose 4*s - 31 + 3 = -u*z, 2*s + 22 = 3*z. What are the prime factors of z?
2
List the prime factors of 440/(-770) + 87917/7.
19, 661
Let v(w) = 25921*w**2 + 9*w + 5. What are the prime factors of v(-1)?
3, 53, 163
Let w = -436 - -337. List the prime factors of (w/6)/11 - 7143/(-6).
29, 41
Let z(b) = -13*b**3 - 2*b**2 + 8. Let a be z(-3). Let d = -133 + a. Suppose -22*x = -23*x + d. List the prime fac